{"id":3488,"date":"2022-05-28T10:43:17","date_gmt":"2022-05-28T08:43:17","guid":{"rendered":"https:\/\/www.smnf.fr\/?page_id=3488"},"modified":"2026-01-01T08:20:03","modified_gmt":"2026-01-01T07:20:03","slug":"acceder-a-mon-compte-adherent","status":"publish","type":"page","link":"https:\/\/www.smnf.fr\/index.php\/acceder-a-mon-compte-adherent\/","title":{"rendered":"Espace adh\u00e9rent"},"content":{"rendered":"\n<div style=\"height:22px\" aria-hidden=\"true\" class=\"wp-block-spacer\"><\/div>\n\n\n\n<div class=\"wp-block-columns is-layout-flex wp-container-core-columns-is-layout-9d6595d7 wp-block-columns-is-layout-flex\">\n<div class=\"wp-block-column is-layout-flow wp-block-column-is-layout-flow\" style=\"flex-basis:20%\">\n<div style=\"height:28px\" aria-hidden=\"true\" class=\"wp-block-spacer\"><\/div>\n\n\n\n<div class=\"wp-block-buttons is-layout-flex wp-block-buttons-is-layout-flex\">\n<div class=\"wp-block-button aligncenter is-style-outline is-style-outline--1\"><a class=\"wp-block-button__link has-text-color has-background has-custom-font-size wp-element-button\" href=\"https:\/\/smnf.assoconnect.com\/contacts\/login\" style=\"border-radius:24px;color:#800000;background:radial-gradient(rgb(202,248,128) 16%,rgb(113,206,126) 100%);font-size:18px\" target=\"_blank\" rel=\"noreferrer noopener\"><strong><em>Mon compte<\/em><\/strong><\/a><\/div>\n<\/div>\n\n\n\n<div style=\"height:48px\" aria-hidden=\"true\" class=\"wp-block-spacer\"><\/div>\n\n\n<div class=\"wp-block-image\">\n<figure class=\"aligncenter size-full\"><img loading=\"lazy\" decoding=\"async\" width=\"424\" height=\"480\" src=\"https:\/\/www.smnf.fr\/wp-content\/uploads\/2023\/11\/Nouveau-logo-2b.jpg\" alt=\"\" class=\"wp-image-4559\" srcset=\"https:\/\/www.smnf.fr\/wp-content\/uploads\/2023\/11\/Nouveau-logo-2b.jpg 424w, https:\/\/www.smnf.fr\/wp-content\/uploads\/2023\/11\/Nouveau-logo-2b-265x300.jpg 265w\" sizes=\"auto, (max-width: 424px) 100vw, 424px\" \/><\/figure>\n<\/div>\n\n<\/div>\n\n\n\n<div class=\"wp-block-column is-layout-flow wp-block-column-is-layout-flow\" style=\"flex-basis:55%\">\n<ul style=\"list-style-type: disc;\">\n<li style=\"text-align: justify;\"><span style=\"font-family: helvetica, arial, sans-serif; font-size: 16px;\">La consultation de votre compte permet : <br>&#8211; d&rsquo;acc\u00e9der \u00e0 votre profil et de le mettre \u00e0 jour<\/span><br><span style=\"font-family: helvetica, arial, sans-serif; font-size: 16px;\">&#8211; d&rsquo;afficher l&rsquo;\u00e9tat de vos cotisations (pratique si vous ne savez plus o\u00f9 vous en \u00eates)<\/span><br><span style=\"font-family: helvetica, arial, sans-serif; font-size: 16px;\">&#8211; d&rsquo;obtenir vos re\u00e7us ou factures<\/span><\/li>\n<\/ul>\n\n\n\n<ul style=\"list-style-type: disc;\">\n<li style=\"text-align: justify;\"><span style=\"font-family: helvetica, arial, sans-serif; font-size: 16px;\">Si vous n&rsquo;avez pas encore de compte (c&rsquo;est-\u00e0-dire que vous n&rsquo;avez pas encore param\u00e9tr\u00e9 votre mot de passe), renseignez simplement votre adresse e-mail et cliquez sur \u00ab\u00a0Connexion\u00a0\u00bb.<\/span><br><span style=\"font-family: helvetica, arial, sans-serif; font-size: 16px;\">Un message vous sera envoy\u00e9 permettant de cr\u00e9er un mot de passe pour acc\u00e9der \u00e0 votre profil.<\/span><\/li>\n<\/ul>\n<\/div>\n\n\n\n<div class=\"wp-block-column is-layout-flow wp-block-column-is-layout-flow\" style=\"flex-basis:25%\">\n\n\n<div style=\"height:48px\" aria-hidden=\"true\" class=\"wp-block-spacer\"><\/div>\n\n\n\n\n<div class=\"wp-block-image\">\n<figure class=\"alignleft size-full\"><a href=\"https:\/\/www.smnf.fr\/wp-content\/uploads\/2021\/07\/Scutelinia-crinita-1a.jpg\"><img loading=\"lazy\" decoding=\"async\" width=\"427\" height=\"285\" src=\"https:\/\/www.smnf.fr\/wp-content\/uploads\/2021\/07\/Scutelinia-crinita-1a.jpg\" alt=\"\" class=\"wp-image-2668\" srcset=\"https:\/\/www.smnf.fr\/wp-content\/uploads\/2021\/07\/Scutelinia-crinita-1a.jpg 427w, https:\/\/www.smnf.fr\/wp-content\/uploads\/2021\/07\/Scutelinia-crinita-1a-300x200.jpg 300w\" sizes=\"auto, (max-width: 427px) 100vw, 427px\" \/><\/a><figcaption class=\"wp-element-caption\"><em>Scutelinia crinita<\/em><\/figcaption><\/figure>\n<\/div>\n\n\n<div style=\"height:66px\" aria-hidden=\"true\" class=\"wp-block-spacer\"><\/div>\n<\/div>\n<\/div>\n\n\n\n\n\n<div style=\"height:23px\" aria-hidden=\"true\" class=\"wp-block-spacer\"><\/div>\n\n\n\n\n\n<div class=\"wp-block-columns is-layout-flex wp-container-core-columns-is-layout-9d6595d7 wp-block-columns-is-layout-flex\">\n<div class=\"wp-block-column is-layout-flow wp-block-column-is-layout-flow\" style=\"flex-basis:33.33%\">\n<div style=\"height:18px\" aria-hidden=\"true\" class=\"wp-block-spacer\"><\/div>\n\n\n\n<div class=\"wp-block-buttons is-layout-flex wp-block-buttons-is-layout-flex\">\n<div class=\"wp-block-button is-style-outline is-style-outline--2\"><a class=\"wp-block-button__link has-text-color has-background has-custom-font-size wp-element-button\" href=\"https:\/\/smnf.assoconnect.com\/collect\/description\/638352-w-renouvellement-cotisation-2026\" style=\"border-radius:24px;color:#800000;background:radial-gradient(rgb(202,248,128) 33%,rgb(113,206,126) 100%);font-size:18px\"><strong><em>Je renouvelle ma cotisation<\/em><\/strong><br><strong>202<\/strong>6<\/a><\/div>\n<\/div>\n\n\n\n<p class=\"has-text-align-center\">Le renouvellement des cotisations s&rsquo;effectue d\u00e8s le 1er janvier<\/p>\n<\/div>\n\n\n\n<div class=\"wp-block-column is-layout-flow wp-block-column-is-layout-flow\" style=\"flex-basis:66.66%\">\n<ul style=\"list-style-type: disc;\">\n<li style=\"text-align: justify;\"><span style=\"font-family: helvetica, arial, sans-serif; font-size: 16px;\">Si vous avez un compte cliquez sur \u00ab\u00a0Mon compte\u00a0\u00bb. Votre profil (pr\u00e9nom, nom et e-mail) sera automatiquement renseign\u00e9.Vous pouvez aussi les renseigner directement si vous n&rsquo;avez pas de compte ou que vous ne voulez pas en cr\u00e9er. Dans ce cas veillez \u00e0 utiliser votre adresse e-mail habituelle pour \u00e9viter tout doublon.<br \/><\/span><\/li>\n<li style=\"text-align: justify;\"><span style=\"font-family: helvetica, arial, sans-serif; font-size: 16px;\">Si vous d\u00e9sirez le cr\u00e9er, cliquez sur \u201cMon compte\u201d et dans la fen\u00eatre qui s&rsquo;ouvre renseignez simplement votre adresse e-mail puis cliquez sur \u201cConnexion\u201d. Un message vous sera envoy\u00e9 permettant de cr\u00e9er un mot de passe pour acc\u00e9der \u00e0 votre profil.<\/span><\/li>\n<\/ul>\n<p>\u00a0<\/p>\n<p><strong>\u00a0<\/strong><\/p>\n<\/div>\n<\/div>\n","protected":false},"excerpt":{"rendered":"<p>La consultation de votre compte permet : &#8211; d&rsquo;acc\u00e9der \u00e0 votre profil et de le mettre \u00e0 jour&#8211; d&rsquo;afficher l&rsquo;\u00e9tat de vos cotisations (pratique si&#8230;<\/p>\n","protected":false},"author":2,"featured_media":0,"parent":0,"menu_order":0,"comment_status":"closed","ping_status":"closed","template":"","meta":{"footnotes":""},"class_list":["post-3488","page","type-page","status-publish","hentry"],"_links":{"self":[{"href":"https:\/\/www.smnf.fr\/index.php\/wp-json\/wp\/v2\/pages\/3488","targetHints":{"allow":["GET"]}}],"collection":[{"href":"https:\/\/www.smnf.fr\/index.php\/wp-json\/wp\/v2\/pages"}],"about":[{"href":"https:\/\/www.smnf.fr\/index.php\/wp-json\/wp\/v2\/types\/page"}],"author":[{"embeddable":true,"href":"https:\/\/www.smnf.fr\/index.php\/wp-json\/wp\/v2\/users\/2"}],"replies":[{"embeddable":true,"href":"https:\/\/www.smnf.fr\/index.php\/wp-json\/wp\/v2\/comments?post=3488"}],"version-history":[{"count":92,"href":"https:\/\/www.smnf.fr\/index.php\/wp-json\/wp\/v2\/pages\/3488\/revisions"}],"predecessor-version":[{"id":5980,"href":"https:\/\/www.smnf.fr\/index.php\/wp-json\/wp\/v2\/pages\/3488\/revisions\/5980"}],"wp:attachment":[{"href":"https:\/\/www.smnf.fr\/index.php\/wp-json\/wp\/v2\/media?parent=3488"}],"curies":[{"name":"wp","href":"https:\/\/api.w.org\/{rel}","templated":true}]}}